s 102 divide 252858?
True
Is 3267733 a multiple of 167?
False
Is 86266 a multiple of 37?
False
Is 18 a factor of 485208?
True
Does 212 divide 72504?
True
Is 5 a factor of 1646?
False
Does 2 divide 36162?
True
Does 11 divide 8773270?
True
Is 633027 a multiple of 92?
False
Does 49 divide 13573?
True
Does 28 divide 4111772?
True
Is 3149746 a multiple of 276?
False
Does 75 divide 7314344?
False
Is 67 a factor of 23517?
True
Is 104914 a multiple of 3?
False
Does 28 divide 96684?
True
Does 895 divide 5710995?
True
Is 36 a factor of 43673?
False
Is 5484 a multiple of 823?
False
Does 4 divide 4100?
True
Does 576 divide 380978?
False
Is 16 a factor of 2704?
True
Is 7 a factor of 2327629?
False
Is 15 a factor of 15465?
True
Is 3061806 a multiple of 66?
True
Is 23016077 a multiple of 302?
False
Does 20 divide 4365380?
True
Is 16 a factor of 391664?
True
Is 1134 a factor of 3128706?
True
Is 93 a factor of 20828?
False
Is 428802 a multiple of 7?
False
Is 165 a factor of 79202?
False
Does 14 divide 5944675?
False
Is 341 a factor of 342782?
False
Is 59 a factor of 1598403?
False
Does 1015 divide 3302810?
True
Is 2146365 a multiple of 585?
True
Is 73848 a multiple of 204?
True
Is 523554 a multiple of 3?
True
Does 7 divide 434579?
False
Is 37 a factor of 168013?
False
Is 47874 a multiple of 237?
True
Is 92 a factor of 1319280?
True
Does 648 divide 5676534?
False
Is 516870 a multiple of 30?
True
Is 99526 a multiple of 14?
True
Is 69 a factor of 4535577?
True
Is 108 a factor of 389124?
True
Is 406 a factor of 481516?
True
Is 3754170 a multiple of 531?
True
Does 11 divide 198?
True
Does 5 divide 5173?
False
Is 103178 a multiple of 16?
False
Is 346 a factor of 1267781?
False
Is 54 a factor of 461689?
False
Does 423 divide 6322581?
True
Does 340 divide 74800?
True
Is 140 a factor of 12892373?
False
Does 6 divide 145512?
True
Is 216894 a multiple of 35?
False
Is 233 a factor of 1241424?
True
Is 23 a factor of 3496?
True
Is 14 a factor of 4482?
False
Is 253606 a multiple of 257?
False
Is 5 a factor of 649310?
True
Is 114 a factor of 69870?
False
Is 4819170 a multiple of 66?
False
Does 46 divide 1452298?
False
Does 206 divide 232861?
False
Does 18 divide 22302?
True
Is 31 a factor of 97147?
False
Is 29 a factor of 462299?
False
Does 3 divide 32375?
False
Is 844338 a multiple of 363?
True
Is 179 a factor of 50657?
True
Does 121 divide 96827?
False
Does 3 divide 24886?
False
Is 77988 a multiple of 179?
False
Is 544 a factor of 751808?
True
Does 72 divide 3977064?
True
Is 408 a factor of 63240?
True
Is 14 a factor of 47296?
False
Is 8 a factor of 25417?
False
Is 61 a factor of 1588133?
False
Is 25744 a multiple of 10?
False
Is 14442081 a multiple of 89?
False
Does 90 divide 15641190?
True
Is 33 a factor of 1762965?
False
Is 335 a factor of 49313?
False
Does 16 divide 1049015?
False
Is 7 a factor of 430343?
False
Is 2128754 a multiple of 8?
False
Is 54 a factor of 1396710?
True
Is 137 a factor of 2949610?
True
Is 31 a factor of 6813366?
True
Is 25 a factor of 263591?
False
Is 87501 a multiple of 44?
False
Is 54340 a multiple of 27?
False
Is 854089 a multiple of 114?
False
Is 133 a factor of 69160?
True
Does 282 divide 568512?
True
Is 54053 a multiple of 3?
False
Does 546 divide 5137946?
False
Is 1623079 a multiple of 34?
False
Does 25 divide 14327675?
True
Is 193980 a multiple of 20?
True
Does 270 divide 1670959?
False
Does 4 divide 3187238?
False
Does 25 divide 47525?
True
Does 13 divide 299494?
True
Is 69 a factor of 2601486?
False
Does 18 divide 89197?
False
Is 166218 a multiple of 909?
False
Is 1320967 a multiple of 23?
False
Is 2000900 a multiple of 10?
True
Is 191029 a multiple of 34?
False
Does 21 divide 834730?
False
Is 5525069 a multiple of 232?
False
Does 79 divide 87481?
False
Is 6 a factor of 182628?
True
Is 1602 a factor of 27378180?
True
Does 258 divide 363778?
False
Is 9 a factor of 1005507?
True
Is 109 a factor of 849943?
False
Does 18 divide 391806?
True
Is 2563832 a multiple of 11?
False
Is 654974 a multiple of 74?
True
Is 1111334 a multiple of 30?
False
Is 52887 a multiple of 51?
True
Does 27 divide 4297023?
True
Is 4796 a multiple of 10?
False
Is 60372 a multiple of 86?
True
Is 22217692 a multiple of 39?
False
Does 10 divide 1548534?
False
Is 62 a factor of 5661468?
True
Is 144 a factor of 236736?
True
Is 2814391 a multiple of 61?
False
Is 2021270 a multiple of 40?
False
Is 36 a factor of 187019?
False
Is 12 a factor of 70180?
False
Is 293455 a multiple of 45?
False
Is 51 a factor of 48935?
False
Does 47 divide 2027298?
True
Is 1127 a factor of 9097144?
True
Is 162260 a multiple of 305?
True
Does 56 divide 10933927?
False
Is 5 a factor of 12912707?
False
Is 915014 a multiple of 94?
False
Is 4884580 a multiple of 283?
True
Is 707558 a multiple of 73?
False
Is 214 a factor of 754564?
True
Does 332 divide 360748?
False
Is 8443435 a multiple of 55?
True
Does 769 divide 343743?
True
Is 761642 a multiple of 28?
False
Is 703324 a multiple of 10?
False
Does 170 divide 1465073?
False
Is 183 a factor of 19947?
True
Does 14 divide 738912?
False
Does 2 divide 123176?
True
Does 246 divide 33728086?
False
Does 71 divide 19963796?
False
Does 10 divide 1797260?
True
Is 772554 a multiple of 331?
True
Is 47 a factor of 3468228?
False
Is 17 a factor of 1720865?
False
Is 15 a factor of 9905528?
False
Is 7901660 a multiple of 260?
True
Does 395 divide 496515?
True
Is 868660 a multiple of 10?
True
Does 15 divide 431850?
True
Is 67 a factor of 47704?
True
Is 40 a factor of 2623975?
False
Is 4 a factor of 670472?
True
Is 1924539 a multiple of 20?
False
Is 514014 a multiple of 537?
False
Does 39 divide 553332?
True
Does 7 divide 2093713?
False
Does 99 divide 254349?
False
Does 926 divide 1242428?
False
Does 184 divide 6228768?
True
Does 7 divide 1222447?
False
Does 260 divide 49632?
False
Does 50 divide 18476600?
True
Does 12 divide 3945348?
True
Is 9611850 a multiple of 50?
True
Does 55 divide 1017170?
True
Is 58790 a multiple of 126?
False
Is 3231477 a multiple of 9?
True
Does 936 divide 8460768?
False
Is 1507880 a multiple of 184?
True
Does 105 divide 7962739?
False
Does 35 divide 3454045?
True
Is 1093 a factor of 398900?
False
Is 9 a factor of 278631?
True
Does 49 divide 44933?
True
Does 324 divide 13652064?
True
Is 200 a factor of 105274?
False
Is 49 a factor of 249165?
True
Is 29 a factor of 98220?
False
Is 6476525 a multiple of 6?
False
Is 11600 a multiple of 5?
True
Does 249 divide 157076?
False
Is 437194 a multiple of 94?
True
Is 1293 a factor of 9250964?
False
Does 11 divide 2113353?
True
Does 208 divide 101478?
False
Does 179 divide 136994?
False
Is 924640 a multiple of 187?
False
Is 1003896 a multiple of 8?
True
Is 161 a factor of 2704067?
False
Does 25 divide 14664?
False
Is 950210 a multiple of 79?
False
Is 208098 a multiple of 66?
True
Does 2102 divide 4931889?
False
Is 78 a factor of 428417?
False
Is 310 a factor of 184140?
True
Is 8117 a multiple of 13?
False
Is 373758 a multiple of 42?
True
Is 147495 a multiple of 12?
False
Is 72 a factor of 17352?
True
Is 679056 a multiple of 56?
True
Does 1121 divide 740156?
False
Is 357709 a multiple of 9?
False
Does 16 divide 3284928?
True
Is 22384 even?
True
Does 4 divide 5624651?
False
Does 12 divide 388446?
False
Is 2 a factor of 1111566?
True
Is 60420 even?
True
Does 3 divide 742632?
True
Is 1261742 a multiple of 84?
False
Is 3254184 a multiple of 7?
False
Is 87 a factor of 14638313?
False
Is 305568 a multiple of 32?
True
Is 11729375 a multiple of 1225?
True
Does 145 divide 158857?
False
Is 680 a factor of 3153336?
False
Is 252 a factor of 1270869?
False
Does 7 divide 592382?
True
Does 16 divide 845969?
False
Is 4 a factor of 44673?
False
Is 214998 a multiple of 11?
False
Is 3 a factor of 30606?
True
Does 188 divide 204294?
False
Is 33 a factor of 913737?
True
Is 13 a factor of 30011475?
True
Is 40 a factor of 17181?
False
Is 19 a factor of 1862596?
False
Is 763 a factor of 968177?
False
Is 140049 a multiple of 133?
True
Does 209 divide 2022284?
True
Is 150540 a multiple of 13?
True
Does 120 divide 91080?
True
Is 9 a factor of 1193544?
True
Is 2640560 a multiple of 16?
True
Is 3867400 a multiple of 305?
True
Is 429 a factor of 452183?
False
Is 4 a factor of 15056?
True
Does 232 divide 1510784?
True
Is 9593463 a m